{"id":117,"date":"2009-11-28T14:11:25","date_gmt":"2009-11-28T10:11:25","guid":{"rendered":"http:\/\/xn--freiewhlerbarleben-qtb.de\/blog\/?page_id=117"},"modified":"2013-02-23T21:10:21","modified_gmt":"2013-02-23T20:10:21","slug":"gr-beitrage","status":"publish","type":"page","link":"http:\/\/freiewaehlerbarleben.de\/?page_id=117","title":{"rendered":"GR Beitr\u00e4ge"},"content":{"rendered":"<p>Das ist die Kurz\u00fcbersicht zu allen hier ver\u00f6ffentlichten Beitr\u00e4gen<br \/>\nder Kategorie <strong><em>Gemeinderat<\/em><\/strong>.<br \/>\n\u00dcber die <a title=\"Aufruf auch \u00fcber diesen Link\" href=\"http:\/\/www.freiewaehlerbarleben.de\/blogneu\/?cat=2\" target=\"_blank\">Kategorie<\/a> Buchtip kann die lange Version angezeigt werden.<br \/>\n<ul class=\"lcp_catlist\" id=\"lcp_instance_0\"><li><a href=\"http:\/\/freiewaehlerbarleben.de\/?p=3725\">Grundsteuerbescheide 2025<\/a>  21. Januar 2025<\/li><li><a href=\"http:\/\/freiewaehlerbarleben.de\/?p=3682\">Vorsicht Scheinkandidaten<\/a>  1. Juni 2024<\/li><li><a href=\"http:\/\/freiewaehlerbarleben.de\/?p=3712\">Chancengerechtigkeit<\/a>  17. Mai 2024<\/li><li><a href=\"http:\/\/freiewaehlerbarleben.de\/?p=3699\">Radweg verhindert!<\/a>  8. Mai 2024<\/li><li><a href=\"http:\/\/freiewaehlerbarleben.de\/?p=3669\">Gemeinderat lehnt Forderung nach L\u00e4rmschutzw\u00e4nden ab<\/a>  25. April 2024<\/li><li><a href=\"http:\/\/freiewaehlerbarleben.de\/?p=3652\">Keine kommunale W\u00e4rmeplanung?<\/a>  22. Januar 2024<\/li><li><a href=\"http:\/\/freiewaehlerbarleben.de\/?p=3645\">PV-Anlagen nicht f\u00fcr Jeden<\/a>  5. Januar 2024<\/li><li><a href=\"http:\/\/freiewaehlerbarleben.de\/?p=3630\">Barleben verteilt Geschenke<\/a>  17. Dezember 2023<\/li><li><a href=\"http:\/\/freiewaehlerbarleben.de\/?p=3600\">Anordnung von PV-Anlagen wird reglementiert!<\/a>  28. Juni 2023<\/li><li><a href=\"http:\/\/freiewaehlerbarleben.de\/?p=3589\">Hauptsatzungs\u00e4nderung: ver\u00e4nderte Befugnisse, rechtssichere Bekanntmachungen<\/a>  18. Dezember 2022<\/li><li><a href=\"http:\/\/freiewaehlerbarleben.de\/?p=3581\">Millionen f\u00fcr Klageverfahren verbrannt<\/a>  21. September 2022<\/li><li><a href=\"http:\/\/freiewaehlerbarleben.de\/?p=3559\">(zu) teurer Badespa\u00df<\/a>  7. Juli 2022<\/li><li><a href=\"http:\/\/freiewaehlerbarleben.de\/?p=3538\">KITA-Beitragssenkung Populismus?<\/a>  5. April 2022<\/li><li><a href=\"http:\/\/freiewaehlerbarleben.de\/?p=3515\">Beantragte Ver\u00e4nderungen f\u00fcr 2022<\/a>  18. Dezember 2021<\/li><li><a href=\"http:\/\/freiewaehlerbarleben.de\/?p=3507\">Abschreckende Beschriftung?<\/a>  1. Dezember 2021<\/li><li><a href=\"http:\/\/freiewaehlerbarleben.de\/?p=3497\">Gemeinderat Juli 2021<\/a>  9. August 2021<\/li><li><a href=\"http:\/\/freiewaehlerbarleben.de\/?p=3488\">Breitbandausbau &#8211; aktueller Stand<\/a>  21. April 2021<\/li><li><a href=\"http:\/\/freiewaehlerbarleben.de\/?p=3480\">Unfassbar-Gemeinde Barleben k\u00fcndigt Familienservicecenter!<\/a>  28. Oktober 2020<\/li><li><a href=\"http:\/\/freiewaehlerbarleben.de\/?p=3469\">Wie weiter mit der LiBa?<\/a>  13. Oktober 2020<\/li><li><a href=\"http:\/\/freiewaehlerbarleben.de\/?p=3462\">Barleben, Schlusslicht beim kommunalen Breitbandausbau?<\/a>  6. Juli 2020<\/li><li><a href=\"http:\/\/freiewaehlerbarleben.de\/?p=3406\">Breitbandausbau &#8211; wieder nicht weiter<\/a>  24. Oktober 2019<\/li><li><a href=\"http:\/\/freiewaehlerbarleben.de\/?p=3397\">Breitbandausbau wie weiter?<\/a>  28. September 2019<\/li><li><a href=\"http:\/\/freiewaehlerbarleben.de\/?p=3386\">Eingeschr\u00e4nkte Fragem\u00f6glichkeit f\u00fcr B\u00fcrger<\/a>  6. Juli 2019<\/li><li><a href=\"http:\/\/freiewaehlerbarleben.de\/?p=3335\">Mehr Befugnisse f\u00fcr B\u00fcrgermeister Nase?<\/a>  12. Januar 2019<\/li><li><a href=\"http:\/\/freiewaehlerbarleben.de\/?p=3314\">FWG klagt Rederecht ein<\/a>  23. November 2018<\/li><li><a href=\"http:\/\/freiewaehlerbarleben.de\/?p=3281\">FWG sorgt f\u00fcr Steuersenkung<\/a>  28. September 2018<\/li><li><a href=\"http:\/\/freiewaehlerbarleben.de\/?p=3267\">Enteignung durch Beschluss ?<\/a>  9. Juli 2018<\/li><li><a href=\"http:\/\/freiewaehlerbarleben.de\/?p=3195\">Darum ein anderer B\u00fcrgermeister!<\/a>  24. Februar 2018<\/li><li><a href=\"http:\/\/freiewaehlerbarleben.de\/?p=3155\">Drastische Steuererh\u00f6hung<\/a>  16. September 2017<\/li><li><a href=\"http:\/\/freiewaehlerbarleben.de\/?p=3133\">Das Interview &#8211; Juli 2017<\/a>  20. Juli 2017<\/li><li><a href=\"http:\/\/freiewaehlerbarleben.de\/?p=3114\">Elternbeitr\u00e4ge \u2013 eine unendliche Geschichte?<\/a>  26. Mai 2017<\/li><li><a href=\"http:\/\/freiewaehlerbarleben.de\/?p=3104\">Kitageb\u00fchren 2015 rechtm\u00e4\u00dfig?<\/a>  21. April 2017<\/li><li><a href=\"http:\/\/freiewaehlerbarleben.de\/?p=3092\">Elternbeitr\u00e4ge &#8211; letzter Teil?<\/a>  17. Februar 2017<\/li><li><a href=\"http:\/\/freiewaehlerbarleben.de\/?p=3076\">Elternbeitr\u00e4ge \u2013 wie weiter?<\/a>  3. Februar 2017<\/li><li><a href=\"http:\/\/freiewaehlerbarleben.de\/?p=3057\">Kinderbetreuung noch bezahlbar?<\/a>  21. Januar 2017<\/li><li><a href=\"http:\/\/freiewaehlerbarleben.de\/?p=3030\">Wieder L\u00fcgen unter www.barleben.de<\/a>  7. November 2016<\/li><li><a href=\"http:\/\/freiewaehlerbarleben.de\/?p=3026\">Nachtrag zum Redeverbot<\/a>  2. Oktober 2016<\/li><li><a href=\"http:\/\/freiewaehlerbarleben.de\/?p=3019\">Redeverbot f\u00fcr Gemeinder\u00e4te?<\/a>  23. September 2016<\/li><li><a href=\"http:\/\/freiewaehlerbarleben.de\/?p=2995\">Schulentwicklung mit Zukunft?<\/a>  28. April 2016<\/li><li><a href=\"http:\/\/freiewaehlerbarleben.de\/?p=2980\">Gemeinderat aktuell<\/a>  31. M\u00e4rz 2016<\/li><li><a href=\"http:\/\/freiewaehlerbarleben.de\/?p=2971\">Politik siegt \u00fcber Mathematik (2)<\/a>  28. Februar 2016<\/li><li><a href=\"http:\/\/freiewaehlerbarleben.de\/?p=2952\">Politik siegt \u00fcber Mathematik (1)<\/a>  30. Januar 2016<\/li><li><a href=\"http:\/\/freiewaehlerbarleben.de\/?p=2939\">Der WWAZ zockt ab<\/a>  19. Dezember 2015<\/li><li><a href=\"http:\/\/freiewaehlerbarleben.de\/?p=2908\">Mieterh\u00f6hung in Abrissh\u00e4usern<\/a>  18. September 2015<\/li><li><a href=\"http:\/\/freiewaehlerbarleben.de\/?p=2901\">Schuldenhaushalt nicht genehmigt<\/a>  6. September 2015<\/li><li><a href=\"http:\/\/freiewaehlerbarleben.de\/?p=2886\">Schuldenhaushalt beschlossen<\/a>  25. Juni 2015<\/li><li><a href=\"http:\/\/freiewaehlerbarleben.de\/?p=2870\">Geheimoperation Mineralfaser<\/a>  8. Juni 2015<\/li><li><a href=\"http:\/\/freiewaehlerbarleben.de\/?p=2859\">Der Prozess<\/a>  1. Mai 2015<\/li><li><a href=\"http:\/\/freiewaehlerbarleben.de\/?p=2850\">Untersuchungsbericht Kita Ebendorf<\/a>  14. April 2015<\/li><li><a href=\"http:\/\/freiewaehlerbarleben.de\/?p=2836\">Gef\u00e4hrliche Fasern, die nicht gef\u00e4hrlich sind?<\/a>  10. April 2015<\/li><li><a href=\"http:\/\/freiewaehlerbarleben.de\/?p=2831\">Antwort der Verwaltung!?<\/a>  5. M\u00e4rz 2015<\/li><li><a href=\"http:\/\/freiewaehlerbarleben.de\/?p=2804\">Wer l\u00fcgt hier?<\/a>  8. Februar 2015<\/li><li><a href=\"http:\/\/freiewaehlerbarleben.de\/?p=2797\">Vertragsabschluss im Blindflug<\/a>  2. Februar 2015<\/li><li><a href=\"http:\/\/freiewaehlerbarleben.de\/?p=2769\">Seite 1 Pressestimme zur Pleite<\/a>  27. November 2014<\/li><li><a href=\"http:\/\/freiewaehlerbarleben.de\/?p=2756\">Der Konsolidierungsbluff<\/a>  11. November 2014<\/li><li><a href=\"http:\/\/freiewaehlerbarleben.de\/?p=2723\">Wir treten auf der Stelle<\/a>  9. August 2014<\/li><li><a href=\"http:\/\/freiewaehlerbarleben.de\/?p=2712\">Aus der Traum<\/a>  25. Juni 2014<\/li><li><a href=\"http:\/\/freiewaehlerbarleben.de\/?p=2703\">Nach der Wahl: Rotstift-Politik<\/a>  23. Mai 2014<\/li><li><a href=\"http:\/\/freiewaehlerbarleben.de\/?p=2610\">Vorsicht \u2013 Scheinkandidaten!<\/a>  18. April 2014<\/li><li><a href=\"http:\/\/freiewaehlerbarleben.de\/?p=2597\">Finanzen 2014<\/a>  3. April 2014<\/li><li><a href=\"http:\/\/freiewaehlerbarleben.de\/?p=2584\">Urteil mit Ansto\u00dfwirkung?<\/a>  15. M\u00e4rz 2014<\/li><li><a href=\"http:\/\/freiewaehlerbarleben.de\/?p=2551\">Eiszeit f\u00fcr alle ?<\/a>  30. Januar 2014<\/li><li><a href=\"http:\/\/freiewaehlerbarleben.de\/?p=2540\">B\u00fcrgermeister erw\u00e4hnt 6 Mio. Haushaltsloch nur unter \u201eferner liefen\u201c<\/a>  21. Januar 2014<\/li><li><a href=\"http:\/\/freiewaehlerbarleben.de\/?p=2486\">\u201eGastarbeiter\u201c gesucht<\/a>  18. Dezember 2013<\/li><li><a href=\"http:\/\/freiewaehlerbarleben.de\/?p=2466\">Nach der Sanierung kommt die Rechnung<\/a>  12. November 2013<\/li><li><a href=\"http:\/\/freiewaehlerbarleben.de\/?p=2459\">\u00dcberdimensionierter Siedlungsentwicklungsplan<\/a>  12. Oktober 2013<\/li><li><a href=\"http:\/\/freiewaehlerbarleben.de\/?p=2446\">Klimaschutz in Barleben<\/a>  27. September 2013<\/li><li><a href=\"http:\/\/freiewaehlerbarleben.de\/?p=2401\">Aus der Ratssitzung am 11.7.2013<\/a>  15. Juli 2013<\/li><li><a href=\"http:\/\/freiewaehlerbarleben.de\/?p=2393\">Sparen\u2026 koste es, was es wolle\u2026<\/a>  26. Juni 2013<\/li><li><a href=\"http:\/\/freiewaehlerbarleben.de\/?p=2369\">B\u00fcrgermeister kein Hellseher!<\/a>  3. Juni 2013<\/li><li><a href=\"http:\/\/freiewaehlerbarleben.de\/?p=2328\">Alles was Recht ist\u2026!<\/a>  6. April 2013<\/li><li><a href=\"http:\/\/freiewaehlerbarleben.de\/?p=2318\">Kita Ebendorf \u2013 (un)endliche Geschichte?<\/a>  4. April 2013<\/li><li><a href=\"http:\/\/freiewaehlerbarleben.de\/?p=2065\">Sitzung geplatzt<\/a>  18. Februar 2013<\/li><li><a href=\"http:\/\/freiewaehlerbarleben.de\/?p=2053\">Haushaltsplan 2013 &#8211; Weg in die Zukunft?<\/a>  10. Januar 2013<\/li><li><a href=\"http:\/\/freiewaehlerbarleben.de\/?p=2020\">Einheitliche Elternbeitr\u00e4ge in den Kindereinrichtungen<\/a>  20. Dezember 2012<\/li><li><a href=\"http:\/\/freiewaehlerbarleben.de\/?p=2006\">Sanierung nicht um jeden Preis!<\/a>  12. November 2012<\/li><li><a href=\"http:\/\/freiewaehlerbarleben.de\/?p=1990\">Gemeinderatssitzung am 4.10.2012 &#8211; Kurzbericht<\/a>  5. Oktober 2012<\/li><li><a href=\"http:\/\/freiewaehlerbarleben.de\/?p=1972\">Barleber B\u00fcrgermeister sucht \u201eBegleitung\u201c<\/a>  17. Juli 2012<\/li><li><a href=\"http:\/\/freiewaehlerbarleben.de\/?p=1959\">Wohnbaufl\u00e4chen im Landschaftsschutzgebiet?<\/a>  18. Juni 2012<\/li><li><a href=\"http:\/\/freiewaehlerbarleben.de\/?p=1943\">Fl\u00e4chennutzungsplan der Gemeinde Barleben<\/a>  4. Juni 2012<\/li><li><a href=\"http:\/\/freiewaehlerbarleben.de\/?p=1915\">950-Jahrfeier in Barleben: Kosten kein Problem<\/a>  12. Mai 2012<\/li><li><a href=\"http:\/\/freiewaehlerbarleben.de\/?p=1867\">Missst\u00e4nde in der Kita Ebendorf &#8211; wie lange noch?<\/a>  23. M\u00e4rz 2012<\/li><li><a href=\"http:\/\/freiewaehlerbarleben.de\/?p=1854\">Haben alle Vereine die gleichen Rechte?<\/a>  29. Februar 2012<\/li><li><a href=\"http:\/\/freiewaehlerbarleben.de\/?p=1842\">Gemeinderatssitzung am 23.2.2012<\/a>  24. Februar 2012<\/li><li><a href=\"http:\/\/freiewaehlerbarleben.de\/?p=1823\">Kommunale Gesundheit: Situations- und Bedarfsanalyse in der Gemeinde Barleben<\/a>  9. Februar 2012<\/li><li><a href=\"http:\/\/freiewaehlerbarleben.de\/?p=1770\">Licht aus im Familienzentrum<\/a>  20. Januar 2012<\/li><li><a href=\"http:\/\/freiewaehlerbarleben.de\/?p=1732\">Kindergarten Ebendorf &#8211; L\u00f6sungssuche oder Hinhaltestrategie?<\/a>  17. Januar 2012<\/li><li><a href=\"http:\/\/freiewaehlerbarleben.de\/?p=1657\">Beschl\u00fcsse des Gemeinderates f\u00fcr das Jahr 2012:        Steuern  &#8211;  Haushaltsplan  &#8211;  Schlie\u00dfung des Familienzentrums<\/a>  4. Januar 2012<\/li><li><a href=\"http:\/\/freiewaehlerbarleben.de\/?p=1607\">Sitzung des Gemeinderates am 1.12.2011<\/a>  5. Dezember 2011<\/li><li><a href=\"http:\/\/freiewaehlerbarleben.de\/?p=1598\">B\u00fcrgermeister l\u00e4sst Katze aus dem Sack<\/a>  28. November 2011<\/li><li><a href=\"http:\/\/freiewaehlerbarleben.de\/?p=1587\">Mehr als 775 B\u00fcrger dem \u201efinanziellen Wahnsinn\u201c verfallen<\/a>  24. November 2011<\/li><li><a href=\"http:\/\/freiewaehlerbarleben.de\/?p=1547\">Gemeinderat 29.9.2011, hier jetzt Teil 2<\/a>  17. Oktober 2011<\/li><li><a href=\"http:\/\/freiewaehlerbarleben.de\/?p=1536\">\u201eAufgehe(i)zte\u201c Stimmung im Gemeinderat am 29.09.2011 (Teil 1)<\/a>  11. Oktober 2011<\/li><li><a href=\"http:\/\/freiewaehlerbarleben.de\/?p=1525\">Ziel: Mehrgenerationenzentrum in Barleben<\/a>  18. September 2011<\/li><li><a href=\"http:\/\/freiewaehlerbarleben.de\/?p=1491\">Pr\u00fcfbericht: Katastrophal &#8211; hat das der B\u00fcrgermeister verstanden ?<\/a>  31. August 2011<\/li><li><a href=\"http:\/\/freiewaehlerbarleben.de\/?p=1468\">Seri\u00f6se Grafik zum Sporthallenprojekt<\/a>  15. August 2011<\/li><li><a href=\"http:\/\/freiewaehlerbarleben.de\/?p=1453\">Neues Sporthallenprojekt in Barleben &#8211; jetzt schon 9,1 Mio. \u20ac<\/a>  13. August 2011<\/li><li><a href=\"http:\/\/freiewaehlerbarleben.de\/?p=1420\">Landkreis B\u00f6rde hat Vergabepraxis im \u201eSystem Keindorff\u201c gepr\u00fcft<\/a>  7. August 2011<\/li><li><a href=\"http:\/\/freiewaehlerbarleben.de\/?p=1411\">Geheimniskr\u00e4merei um Infozentrum beendet<\/a>  29. Juli 2011<\/li><li><a href=\"http:\/\/freiewaehlerbarleben.de\/?p=1408\">Info zum \u201eInformationszentrum\u201c<\/a>  9. Juli 2011<\/li><li><a href=\"http:\/\/freiewaehlerbarleben.de\/?p=1383\">Bauauftr\u00e4ge \u00fcber 2 Mio. \u20ac nach \u201eSystem Keindorff\u201c vergeben!<\/a>  26. Juni 2011<\/li><li><a href=\"http:\/\/freiewaehlerbarleben.de\/?p=1338\">Kirchensanierung &#8211; die Kuh ist vom Eis<\/a>  21. Juni 2011<\/li><li><a href=\"http:\/\/freiewaehlerbarleben.de\/?p=1304\">Sitzung des Gemeinderates am 31.05.2011 (Kurzbericht)<\/a>  1. Juni 2011<\/li><li><a href=\"http:\/\/freiewaehlerbarleben.de\/?p=1240\">Der Bahnhof \u2013 wie weiter ?<\/a>  13. April 2011<\/li><li><a href=\"http:\/\/freiewaehlerbarleben.de\/?p=1233\">Kirchensanierung &#8211; ist die Kuh nun endlich vom Eis?<\/a>  7. April 2011<\/li><li><a href=\"http:\/\/freiewaehlerbarleben.de\/?p=1217\">Betrieb des Familienzentrums vorerst gesichert<\/a>  1. April 2011<\/li><li><a href=\"http:\/\/freiewaehlerbarleben.de\/?p=1223\">Jetzt doch &#8211; NICHT<\/a>  1. April 2011<\/li><li><a href=\"http:\/\/freiewaehlerbarleben.de\/?p=1204\">Jetzt doch &#8211; Schwarzdecke auf dem Breiteweg<\/a>  1. April 2011<\/li><li><a href=\"http:\/\/freiewaehlerbarleben.de\/?p=1125\">Gemeinder\u00e4te geben Ihren W\u00e4hlerauftrag nicht ab !<\/a>  9. M\u00e4rz 2011<\/li><li><a href=\"http:\/\/freiewaehlerbarleben.de\/?p=1123\">Keine Anstalt in Barleben !<\/a>  8. M\u00e4rz 2011<\/li><li><a href=\"http:\/\/freiewaehlerbarleben.de\/?p=1100\">Neue Dreifeldsporthalle &#8211; Vorplanung best\u00e4tigt<\/a>  2. M\u00e4rz 2011<\/li><li><a href=\"http:\/\/freiewaehlerbarleben.de\/?p=1107\">Neues aus der Anstalt<\/a>  28. Februar 2011<\/li><li><a href=\"http:\/\/freiewaehlerbarleben.de\/?p=1096\">Geplant: Gr\u00fcndung einer Anstalt \u00f6ffentlichen Rechts (A\u00f6R)<\/a>  17. Februar 2011<\/li><li><a href=\"http:\/\/freiewaehlerbarleben.de\/?p=1048\">Neujahrsempfang 2011<\/a>  16. Januar 2011<\/li><li><a href=\"http:\/\/freiewaehlerbarleben.de\/?p=1031\">\u201eFinanzieller Wahnsinn\u201c &#8211; das Barleber R\u00e4tsel<\/a>  25. Dezember 2010<\/li><li><a href=\"http:\/\/freiewaehlerbarleben.de\/?p=1022\">Haushaltssatzung 2011 \u2013 mehr Geld f\u00fcr die Verwaltung!<\/a>  18. Dezember 2010<\/li><li><a href=\"http:\/\/freiewaehlerbarleben.de\/?p=1008\">Probleme im Ebendorfer Kindergarten<\/a>  16. Dezember 2010<\/li><li><a href=\"http:\/\/freiewaehlerbarleben.de\/?p=925\">Beitragsfreies letztes Kindergartenjahr in Barleben?<\/a>  22. Oktober 2010<\/li><li><a href=\"http:\/\/freiewaehlerbarleben.de\/?p=808\">Es gibt ein Atomm\u00fcll Endlager &#8211; in Morsleben !<\/a>  4. Oktober 2010<\/li><li><a href=\"http:\/\/freiewaehlerbarleben.de\/?p=790\">Atomm\u00fcll Endlager \u00e4hhh&#8230;<\/a>  27. September 2010<\/li><li><a href=\"http:\/\/freiewaehlerbarleben.de\/?p=780\">Sitzung des Gemeinderates am 2. 9. 2010 (Teil 2 von 2)<\/a>  21. September 2010<\/li><li><a href=\"http:\/\/freiewaehlerbarleben.de\/?p=721\">Sitzung des Gemeinderates am 2. 9. 2010 (Teil 1 von 2)<\/a>  9. September 2010<\/li><li><a href=\"http:\/\/freiewaehlerbarleben.de\/?p=629\">10. \u00c4nderung und Neufassung des Bebauungsplanes Nr.15 mit \u00f6rtlichen  Bauvorschriften f\u00fcr den Bereich Ortskern Barleben<\/a>  12. Juli 2010<\/li><li><a href=\"http:\/\/freiewaehlerbarleben.de\/?p=617\">Bildungskonzept in Barleben<\/a>  8. Juli 2010<\/li><li><a href=\"http:\/\/freiewaehlerbarleben.de\/?p=589\">Schade, Sommertheater und verpasste Chance !<\/a>  5. Juli 2010<\/li><li><a href=\"http:\/\/freiewaehlerbarleben.de\/?p=534\">Sitzung des Gemeinderates am 24.6.2010 (oder schlechtes Sommertheater?)<\/a>  29. Juni 2010<\/li><li><a href=\"http:\/\/freiewaehlerbarleben.de\/?p=465\">Sitzung des Gemeinderates am 22.4.2010 (erweiterter Kurzbericht)<\/a>  25. April 2010<\/li><li><a href=\"http:\/\/freiewaehlerbarleben.de\/?p=416\">Weitere Unterst\u00fctzung f\u00fcr Ecole beschlossen<\/a>  29. M\u00e4rz 2010<\/li><li><a href=\"http:\/\/freiewaehlerbarleben.de\/?p=386\">Ganz sch\u00f6n Kohle f\u00fcr Ecole<\/a>  18. Februar 2010<\/li><li><a href=\"http:\/\/freiewaehlerbarleben.de\/?p=238\">Steuererh\u00f6hung f\u00fcr Barleber B\u00fcrger, das Weihnachtsgeschenk 2010<\/a>  19. Dezember 2009<\/li><li><a href=\"http:\/\/freiewaehlerbarleben.de\/?p=212\">Pfarrer und Gemeinderat<\/a>  7. Dezember 2009<\/li><li><a href=\"http:\/\/freiewaehlerbarleben.de\/?p=92\">Die goldenen Zeiten sind vorbei<\/a>  27. November 2009<\/li><li><a href=\"http:\/\/freiewaehlerbarleben.de\/?p=85\">Neuberufung des Sport- und Kulturbeirats<\/a>  27. November 2009<\/li><\/ul><\/p>\n","protected":false},"excerpt":{"rendered":"<p>Das ist die Kurz\u00fcbersicht zu allen hier ver\u00f6ffentlichten Beitr\u00e4gen der Kategorie Gemeinderat. \u00dcber die Kategorie Buchtip kann die lange Version angezeigt werden.<\/p>\n","protected":false},"author":2,"featured_media":0,"parent":1938,"menu_order":22,"comment_status":"closed","ping_status":"closed","template":"template-nosidebar.php","meta":{"footnotes":""},"class_list":["post-117","page","type-page","status-publish","hentry"],"_links":{"self":[{"href":"http:\/\/freiewaehlerbarleben.de\/index.php?rest_route=\/wp\/v2\/pages\/117","targetHints":{"allow":["GET"]}}],"collection":[{"href":"http:\/\/freiewaehlerbarleben.de\/index.php?rest_route=\/wp\/v2\/pages"}],"about":[{"href":"http:\/\/freiewaehlerbarleben.de\/index.php?rest_route=\/wp\/v2\/types\/page"}],"author":[{"embeddable":true,"href":"http:\/\/freiewaehlerbarleben.de\/index.php?rest_route=\/wp\/v2\/users\/2"}],"replies":[{"embeddable":true,"href":"http:\/\/freiewaehlerbarleben.de\/index.php?rest_route=%2Fwp%2Fv2%2Fcomments&post=117"}],"version-history":[{"count":3,"href":"http:\/\/freiewaehlerbarleben.de\/index.php?rest_route=\/wp\/v2\/pages\/117\/revisions"}],"predecessor-version":[{"id":2078,"href":"http:\/\/freiewaehlerbarleben.de\/index.php?rest_route=\/wp\/v2\/pages\/117\/revisions\/2078"}],"up":[{"embeddable":true,"href":"http:\/\/freiewaehlerbarleben.de\/index.php?rest_route=\/wp\/v2\/pages\/1938"}],"wp:attachment":[{"href":"http:\/\/freiewaehlerbarleben.de\/index.php?rest_route=%2Fwp%2Fv2%2Fmedia&parent=117"}],"curies":[{"name":"wp","href":"https:\/\/api.w.org\/{rel}","templated":true}]}}