{"id":1938,"date":"2009-11-25T23:50:23","date_gmt":"2009-11-25T19:50:23","guid":{"rendered":"http:\/\/xn--freiewhlerbarleben-qtb.de\/blog\/?page_id=18"},"modified":"2024-08-11T21:54:04","modified_gmt":"2024-08-11T19:54:04","slug":"gemeinderat","status":"publish","type":"page","link":"http:\/\/freiewaehlerbarleben.de\/?page_id=1938","title":{"rendered":"Gemeinderat"},"content":{"rendered":"<p>F\u00fcr die Freien W\u00e4hlergemeinschaft Barleben sind in den <strong>Gemeinderat <\/strong>eingezogen:<\/p>\n<ol>\n<li>Dr. Edgar Appenrodt (Vorsitzender)<\/li>\n<li>Ramona M\u00fcller (Stellv.)<\/li>\n<li>Marcel Leon<\/li>\n<li>Johannes K\u00f6nitz<\/li>\n<\/ol>\n<p><img loading=\"lazy\" decoding=\"async\" width=\"234\" height=\"162\" class=\" wp-image-157 alignnone\" title=\"Rathaus 2\" src=\"http:\/\/www.freiewaehlerbarleben.de\/wp-content\/uploads\/2009\/11\/Rathaus-2.gif\" alt=\"Hier setzen wird den W\u00e4hlerauftrag um.\" \/><\/p>\n","protected":false},"excerpt":{"rendered":"<p>F\u00fcr die Freien W\u00e4hlergemeinschaft Barleben sind in den Gemeinderat eingezogen: Dr. Edgar Appenrodt (Vorsitzender) Ramona M\u00fcller (Stellv.) Marcel Leon Johannes K\u00f6nitz<\/p>\n","protected":false},"author":1,"featured_media":0,"parent":0,"menu_order":20,"comment_status":"closed","ping_status":"closed","template":"","meta":{"footnotes":""},"class_list":["post-1938","page","type-page","status-publish","hentry"],"_links":{"self":[{"href":"http:\/\/freiewaehlerbarleben.de\/index.php?rest_route=\/wp\/v2\/pages\/1938","targetHints":{"allow":["GET"]}}],"collection":[{"href":"http:\/\/freiewaehlerbarleben.de\/index.php?rest_route=\/wp\/v2\/pages"}],"about":[{"href":"http:\/\/freiewaehlerbarleben.de\/index.php?rest_route=\/wp\/v2\/types\/page"}],"author":[{"embeddable":true,"href":"http:\/\/freiewaehlerbarleben.de\/index.php?rest_route=\/wp\/v2\/users\/1"}],"replies":[{"embeddable":true,"href":"http:\/\/freiewaehlerbarleben.de\/index.php?rest_route=%2Fwp%2Fv2%2Fcomments&post=1938"}],"version-history":[{"count":4,"href":"http:\/\/freiewaehlerbarleben.de\/index.php?rest_route=\/wp\/v2\/pages\/1938\/revisions"}],"predecessor-version":[{"id":3721,"href":"http:\/\/freiewaehlerbarleben.de\/index.php?rest_route=\/wp\/v2\/pages\/1938\/revisions\/3721"}],"wp:attachment":[{"href":"http:\/\/freiewaehlerbarleben.de\/index.php?rest_route=%2Fwp%2Fv2%2Fmedia&parent=1938"}],"curies":[{"name":"wp","href":"https:\/\/api.w.org\/{rel}","templated":true}]}}

<p>Für die Freien Wählergemeinschaft Barleben sind in den <strong>Gemeinderat </strong>eingezogen:</p>
<ol>
<li>Dr. Edgar Appenrodt (Vorsitzender)</li>
<li>Ramona Müller (Stellv.)</li>
<li>Marcel Leon</li>
<li>Johannes Könitz</li>
</ol>
<p><img loading="lazy" decoding="async" width="234" height="162" class=" wp-image-157 alignnone" title="Rathaus 2" src="http://www.freiewaehlerbarleben.de/wp-content/uploads/2009/11/Rathaus-2.gif" alt="Hier setzen wird den Wählerauftrag um." /></p>

<p>Für die Freien Wählergemeinschaft Barleben sind in den Gemeinderat eingezogen: Dr. Edgar Appenrodt (Vorsitzender) Ramona Müller (Stellv.) Marcel Leon Johannes Könitz</p>
